digit of v(j)?
5
Let g = -768 + 1885. What is the thousands digit of g?
1
Suppose 17 + 1 = a. Let j = a + 5. Suppose 4*g - 100 = -4*z, 2*g - j = -z + 27. What is the units digit of g?
5
Suppose -6*k = -10*k. Let d(w) = k*w**2 + w**2 - 5*w + 0*w**2 - 8 + w**2. What is the units digit of d(-4)?
4
Suppose 2*r - 58 = -4*v, 5*v + 5*r + 29 = 94. Let z(j) = -j**3 + 15*j**2 + 23*j - 2. What is the hundreds digit of z(v)?
1
Let p(b) = 19*b**3 - 5*b**2 + 4*b + 6. Let d be p(4). Let v be (-4)/7 - d/(-42). Suppose 0 = -z + v + 10. What is the units digit of z?
7
Let k = -73 - -168. Suppose -6*w + k = -217. What is the tens digit of w?
5
Suppose d = -4*f - 12, 2*f - 1 = -d - 5. Suppose -337 = -d*v + 95. What is the tens digit of v?
0
Suppose m - 17 - 5 = 0. Let p = 0 + m. What is the units digit of p?
2
Let d be 14/(-4)*(1 + -5)*3. What is the tens digit of ((-79)/(-3))/(7/d)?
5
Suppose -5*b - 52 + 7 = 0. Let t = -5 - b. Suppose 3*m = 15, -n - t*m + 21 = -24. What is the units digit of n?
5
Suppose -44*k + 569487 = 59*k. What is the tens digit of k?
2
Let n be 20/(-8)*2/(-1). Suppose 2*b + n = 3, 3*b = c - 19. What is the units digit of c?
6
Let i(p) = 413*p**3 - p**2 + 1. Let k be i(1). Suppose 6*g = 907 + k. What is the tens digit of g?
2
Let p(c) be the third derivative of -c**4/12 + 2*c**2. Let g be p(0). Suppose 4*j - 24 + 8 = g. What is the units digit of j?
4
Let j = 418 - -313. What is the tens digit of j?
3
Suppose -17*v - 3640 = -24*v. What is the units digit of v?
0
Suppose 3*t - 32 = -4*n, -3*t - 11 = 1. Suppose -2*c + 3*p - 3 = c, 3*c = 5*p - n. Suppose -o = c*o - 32. What is the units digit of o?
8
Let s = -10 - -13. Suppose s*u = -1 + 7. What is the tens digit of ((-3)/(12/(-104)))/u?
1
Let o = -2726 + 4737. What is the hundreds digit of o?
0
Let c = -1263 + 2406. What is the thousands digit of c?
1
Suppose 2*j + 127 = 4*j - a, -4*j = -3*a - 259. Suppose 0 = -3*t + j + 11. What is the tens digit of t?
2
Suppose 8 = k - 4*u, -4*k + 0*u + 17 = -u. Suppose k*m + 2*z - 66 = -0*m, 3*z = -15. What is the tens digit of m?
1
Let p(t) = t**3 - 14*t**2 + 14*t - 3. Let i be p(13). Suppose 0*h - 5*h + 100 = 0. Let z = h + i. What is the tens digit of z?
3
Let n = 1628 - 299. What is the thousands digit of n?
1
Let p = -154 + 1007. What is the units digit of p?
3
Suppose 1 = -y + 10. Let m = y + -21. What is the tens digit of (4 + -1)/(m/(-44))?
1
Let p(d) be the third derivative of -d**4/8 - 7*d**3/6 + 2*d**2 - d. Let i(c) = -c + 4. Let h be i(8). What is the units digit of p(h)?
5
Let h(j) = j**2 - 10*j - 15. Suppose -3*q + 4*x + 7 = -6*q, 5*x - 70 = 5*q. What is the units digit of h(q)?
6
Let u(m) be the second derivative of -m**5/20 - m**4/2 - m**3/6 - m. Let x be u(-4). Let q = x - -52. What is the units digit of q?
4
Suppose 4*i = -4*l + 6232, l = 3*i + 443 + 1123. What is the hundreds digit of l?
5
Suppose 1208 = 6*c + 308. What is the units digit of c?
0
Suppose 175*h = 180*h - 95. What is the tens digit of h?
1
Let w be 22/3*(-24)/(-4). Let z = 6 + w. What is the units digit of z?
0
Let c be 122/6 - (-2)/(-6). Suppose 960 = 14*g - 2*g. Suppose 2*r = -2*b + g, 2*b + c = r - 8. What is the units digit of r?
6
Let g(p) = -10*p**3 - 2*p**2 - p + 1. Let r be g(-2). Suppose 11*f - 5*f = f. Suppose 4*t - r - 165 = f. What is the tens digit of t?
6
Let a(m) = 3*m. Let v be a(-4). Let c = v + 6. What is the tens digit of 24*c/20*-5?
3
What is the units digit of (22185 + 5)/5 - (15 + -13)?
6
Let u(a) = 0*a**2 - 5*a - 3*a**3 + 2 + 2*a**2 + 5*a**3. Let x be (-3 + 2 + 4)*(7 + -6). What is the tens digit of u(x)?
5
What is the units digit of (5 - 50/6)/((-2)/30)?
0
Suppose 0 = -16*g + 58*g - 108108. What is the tens digit of g?
7
Let v(s) = 33*s**2 - 43*s + 190. What is the hundreds digit of v(5)?
8
Let a(i) = 5*i - 1. Let x be a(2). Suppose 4*w = -x + 57. Suppose -13*m = -16*m + w. What is the units digit of m?
4
Let a be 0/(-9)*(-1)/3. Let s be a + (-5)/((-20)/(-12)). Let t = s - -7. What is the units digit of t?
4
Let c = 34 + -30. Suppose 9*w = c*w - 190. Let k = -22 - w. What is the units digit of k?
6
Suppose 0 = -5*x - 2*u - 9391, 4*u = 3 - 15. What is the hundreds digit of 22/(-154) - x/7?
2
Suppose -4*f - 63 = 69. What is the tens digit of (f/9 - -1)*-12?
3
Suppose 0 = -5*z - 283 + 593. What is the units digit of z?
2
Suppose 4*a = -8, 3*a = -5*l - 2*a + 20. Let p(m) = -3*m - m**3 + 23*m - 7*m - 15*m + 6 + 7*m**2. What is the units digit of p(l)?
0
Let u(x) = x**2 - x. Suppose -2*d - 5 = -7*d. Let z(p) = -3*p**2 + 11*p + 20. Let j(c) = d*z(c) + 4*u(c). What is the tens digit of j(-8)?
2
Let o(q) = q**3 + 7*q**2 + q - 27. Let y be o(-8). Let i = -76 - y. What is the units digit of i?
3
Suppose 3*o + 21 = 3*a, 3*a - 3 = -o + 10. Suppose -6*x - 2*p = -5*x, x = 5*p + 7. Suppose x = 2*l - 2*f - 0*f, a*f - 7 = 2*l. What is the units digit of l?
4
Suppose 32*v - 33010 = -5*a + 31*v, 0 = 2*a + 3*v - 13217. What is the tens digit of a?
0
Let z(y) = 2*y**2 - 17*y + 26. Let l be z(4). Let d = -30 + 15. Let t = l - d. What is the units digit of t?
5
Let h = -170 - -1496. What is the hundreds digit of h?
3
Suppose 11*h - 38150 = -14*h. What is the tens digit of h?
2
Let l(x) be the third derivative of -x**5/60 + 19*x**4/24 + 13*x**3/3 - 8*x**2. What is the units digit of l(18)?
4
Let j(n) = 4*n - 14*n - 44 - 13*n. What is the units digit of j(-6)?
4
What is the units digit of (-94)/235 - 42/(-5)?
8
Let g be (19 + 2)/(18/(-12)). Let u = g + 14. What is the units digit of 1 + u + 28 - 4?
5
Let h(f) = -f + 3. Let s be h(9). Let x be ((-3)/6)/(1/s). Suppose x*u = 110 + 52. What is the tens digit of u?
5
Suppose 0 = 8*q + 4*q - 34608. What is the thousands digit of q?
2
Let b = -135 + 151. What is the units digit of b?
6
Suppose -3*c = -c - 14. Suppose 5*s = c*s + 12. What is the tens digit of (-312)/(-30) - s/(-15)?
1
Let v(d) = -44*d - 42*d + 81*d + 70. What is the units digit of v(0)?
0
What is the units digit of -1 - -3 - (-644)/4?
3
Let g = 9 - 5. Suppose -g*x - 2*c + 5*c = -99, -4*c - 20 = 0. Suppose 3*v - 49 = -2*q, v - 2*q - 2*q = x. What is the tens digit of v?
1
Let w(y) = -y**3 - 6*y**2 - 4*y + 2. Let a be w(-4). Let o = a - -92. What is the tens digit of o?
7
Let w = -10 + 49. Suppose w + 6 = q. What is the units digit of q?
5
Let o(i) = -i**3 + 20*i**2 + 19*i + 55. What is the units digit of o(18)?
5
Let t = -112 + 121. Suppose 872 - 134 = t*h. What is the tens digit of h?
8
Suppose -3*n + 5*n = 10. Suppose 0*w + 3*h = 4*w - 725, -w + 187 = n*h. What is the hundreds digit of w?
1
Let i(n) = -295*n - 319. What is the thousands digit of i(-7)?
1
Suppose -5*t + 3*l + 298 = 0, -3*t + 4*l - 7*l + 174 = 0. What is the tens digit of t?
5
Let a(c) = 16*c + 344. What is the units digit of a(32)?
6
Let u(k) = k**2 + 18*k - 120. What is the hundreds digit of u(16)?
4
Suppose 6*y - 659 = 295. What is the tens digit of y?
5
Let r be (255/(-34))/((-1)/(-2))*-1. Suppose 19*g = r*g + 336. What is the tens digit of g?
8
Let z be (-44)/(-20) + 2/(-10). Let s(y) = y + 2. Let f be s(1). Suppose z*a - 10 = f*w, w + w = a - 4. What is the units digit of a?
8
Let k(y) = 5*y**2 + y. Let c be k(-1). Suppose -4*x + c*b = 0, -2*b - 2*b = -2*x + 2. What is the tens digit of (18*x)/(3/(-2))?
1
Let q(b) = -b**3 - 6*b**2 + 4*b + 8. Let s be q(-6). Let n = 30 + s. What is the units digit of n?
4
Let x be (-23 - -3)*(282/(-12) + 0). Suppose -3*c + 220 = -x. What is the hundreds digit of c?
2
Let b(y) = -35*y - 2. Let r be b(-3). Suppose -4*v - 2*n + 105 = -r, -3*v = -4*n - 167. What is the tens digit of v?
5
Let o = -979 + 994. What is the tens digit of o?
1
Let w(c) = -10 + 6 + c**3 - 15*c**2 - 10*c + 8*c**2. What is the units digit of w(9)?
8
Suppose 40 = 5*g - 5*l, -14 = -5*g + 2*l + 23. Suppose -4*c + 15 = g. Suppose -1 - 25 = -c*z. What is the tens digit of z?
1
Let y(p) = p - 5*p + 0*p + 3*p**2 - 40. Let a(d) = -d**2 + 2*d + 20. Let m(o) = 5*a(o) + 2*y(o). What is the tens digit of m(0)?
2
Let y = 15 + -17. Let u be (-436)/(-14) - y/(-14). Let p = u - -9. What is the tens digit of p?
4
What is the tens digit of (-6)/(-6) + (2 - 88)*-4?
4
Suppose -2*d = -7*d. Suppose -101 + 1 = -5*m. Suppose 4*b - 3*i - 50 = d, -2*b + 3*i = -i - m. What is the units digit of b?
4
Let l(t) = -4 